{"id":7298,"date":"2023-03-06T20:36:26","date_gmt":"2023-03-06T23:36:26","guid":{"rendered":"https:\/\/mirracosmeticos.com\/coloracao\/?page_id=7298"},"modified":"2023-03-06T20:39:42","modified_gmt":"2023-03-06T23:39:42","slug":"a-mirra","status":"publish","type":"page","link":"https:\/\/mirracosmeticos.com\/coloracao\/a-mirra\/","title":{"rendered":"A Mirra"},"content":{"rendered":"\t\t<div data-elementor-type=\"wp-page\" data-elementor-id=\"7298\" class=\"elementor elementor-7298\" data-elementor-post-type=\"page\">\n\t\t\t\t\t\t<section class=\"elementor-section elementor-top-section elementor-element elementor-element-6007fd1 elementor-section-boxed elementor-section-height-default elementor-section-height-default\" data-id=\"6007fd1\" data-element_type=\"section\">\n\t\t\t\t\t\t<div class=\"elementor-container elementor-column-gap-default\">\n\t\t\t\t\t<div class=\"elementor-column elementor-col-100 elementor-top-column elementor-element elementor-element-4b3e403\" data-id=\"4b3e403\" data-element_type=\"column\">\n\t\t\t<div class=\"elementor-widget-wrap elementor-element-populated\">\n\t\t\t\t\t\t<div class=\"elementor-element elementor-element-998bb9c elementor-widget elementor-widget-heading\" data-id=\"998bb9c\" data-element_type=\"widget\" data-widget_type=\"heading.default\">\n\t\t\t\t<div class=\"elementor-widget-container\">\n\t\t\t\t\t<h2 class=\"elementor-heading-title elementor-size-default\">Mirra, Uma empresa que acredita em voc\u00ea<\/h2>\t\t\t\t<\/div>\n\t\t\t\t<\/div>\n\t\t\t\t<div class=\"elementor-element elementor-element-dc5c362 elementor-widget elementor-widget-text-editor\" data-id=\"dc5c362\" data-element_type=\"widget\" data-widget_type=\"text-editor.default\">\n\t\t\t\t<div class=\"elementor-widget-container\">\n\t\t\t\t\t\t\t\t\t<p>No ano 2000 a MAISON VISAGE COSMETIQUE iniciou a produ\u00e7\u00e3o de perfumes e cosm\u00e9ticos para tratamento de pele. Com talento empreendedor, aplicando a experi\u00eancia adquirida por seus criadores, a empresa demonstrou not\u00f3ria evolu\u00e7\u00e3o no mercado ampliando sua linha de produ\u00e7\u00e3o nos anos seguintes, ingressando tamb\u00e9m na cria\u00e7\u00e3o de produtos para os cuidados dos cabelos.<\/p><p>Seus laborat\u00f3rios t\u00eam como principal refer\u00eancia os h\u00e1bitos de consumo de seus clientes, exigentes na busca de resultados com qualidade. Para corresponder a t\u00e3o alto n\u00edvel de exig\u00eancia, a empresa investe de forma cont\u00ednua e ininterrupta em tecnologia e na forma\u00e7\u00e3o de profissionais especializados em cosmetologia. Investe tamb\u00e9m na forma\u00e7\u00e3o de seus colaboradores, crendo sempre na for\u00e7a do conhecimento como o principal meio de superar seus objetivos com efici\u00eancia e qualidade.<\/p><p>Com quase duas d\u00e9cadas de hist\u00f3ria, a MAISON VISAGE COSMETIQUE conquistou em sua trajet\u00f3ria renome nacional, com destaque no desenvolvimento e estudo de produtos e alta performance, oferecendo sempre ao seu cliente qualidade e efici\u00eancia; qualidade em todos os aspectos que envolvem o produto e efici\u00eancia na obten\u00e7\u00e3o de resultados compat\u00edveis com as necessidades do usu\u00e1rio final.<\/p><p>Atualmente, a MAISON VISAGE COSMETIQUE oferece as linhas de produtos capilares para tratamento di\u00e1rio MIRRA elements, que restauram as fibras capilares, al\u00e9m de dar brilho e vitalidade aos cabelos e MIRRA BioRestore, com colora\u00e7\u00f5es cremosas hidratantes, cores vibrantes e f\u00f3rmulas exclusivas.<\/p><h3>Miss\u00e3o<\/h3><p>Levar vitalidade para o dia a dia, atendendo necessidades di\u00e1rias de higiene e cuidados pessoais, transforma\u00e7\u00f5es, com produtos que ajudem as pessoas a sentirem-se bem, bonitas e realizadas.<\/p><h3>Vis\u00e3o<\/h3><p>Estar entre as maiores empresas fabricantes de cosm\u00e9ticos, com centros de distribui\u00e7\u00e3o em todas as capitais e nas principais cidades do pa\u00eds, tornando-se refer\u00eancia na fabrica\u00e7\u00e3o de produtos de qualidade em beleza e satisfa\u00e7\u00e3o pessoal.<\/p><h3>Valores<\/h3><p>Satisfa\u00e7\u00e3o dos clientes<br \/>\u00c9tica<br \/>Responsabilidade, consci\u00eancia e excel\u00eancia no atendimento<br \/>Inova\u00e7\u00e3o e qualidade<br \/>Comprometimento com o meio ambiente<\/p>\t\t\t\t\t\t\t\t<\/div>\n\t\t\t\t<\/div>\n\t\t\t\t\t<\/div>\n\t\t<\/div>\n\t\t\t\t\t<\/div>\n\t\t<\/section>\n\t\t\t\t<\/div>\n\t\t","protected":false},"excerpt":{"rendered":"<p>Mirra, Uma empresa que acredita em voc\u00ea No ano 2000 a MAISON VISAGE COSMETIQUE iniciou a produ\u00e7\u00e3o de perfumes e cosm\u00e9ticos para tratamento de pele. Com talento empreendedor, aplicando a experi\u00eancia adquirida por seus criadores, a empresa demonstrou not\u00f3ria evolu\u00e7\u00e3o no mercado ampliando sua linha de produ\u00e7\u00e3o nos anos seguintes, ingressando tamb\u00e9m na cria\u00e7\u00e3o de [&hellip;]<\/p>\n","protected":false},"author":1,"featured_media":0,"parent":0,"menu_order":0,"comment_status":"closed","ping_status":"closed","template":"","meta":{"_acf_changed":false,"inline_featured_image":false,"footnotes":""},"class_list":["post-7298","page","type-page","status-publish","hentry"],"acf":[],"aioseo_notices":[],"_links":{"self":[{"href":"https:\/\/mirracosmeticos.com\/coloracao\/wp-json\/wp\/v2\/pages\/7298","targetHints":{"allow":["GET"]}}],"collection":[{"href":"https:\/\/mirracosmeticos.com\/coloracao\/wp-json\/wp\/v2\/pages"}],"about":[{"href":"https:\/\/mirracosmeticos.com\/coloracao\/wp-json\/wp\/v2\/types\/page"}],"author":[{"embeddable":true,"href":"https:\/\/mirracosmeticos.com\/coloracao\/wp-json\/wp\/v2\/users\/1"}],"replies":[{"embeddable":true,"href":"https:\/\/mirracosmeticos.com\/coloracao\/wp-json\/wp\/v2\/comments?post=7298"}],"version-history":[{"count":0,"href":"https:\/\/mirracosmeticos.com\/coloracao\/wp-json\/wp\/v2\/pages\/7298\/revisions"}],"wp:attachment":[{"href":"https:\/\/mirracosmeticos.com\/coloracao\/wp-json\/wp\/v2\/media?parent=7298"}],"curies":[{"name":"wp","href":"https:\/\/api.w.org\/{rel}","templated":true}]}}