{"id":827,"date":"2025-02-16T21:03:35","date_gmt":"2025-02-16T21:03:35","guid":{"rendered":"https:\/\/mirracosmeticos.com\/?post_type=produtos&#038;p=827"},"modified":"2025-03-16T02:16:16","modified_gmt":"2025-03-16T02:16:16","slug":"queratina-manteiga-de-karite-home","status":"publish","type":"produtos","link":"https:\/\/mirracosmeticos.com\/es\/produtos\/queratina-manteiga-de-karite-home\/","title":{"rendered":"Queratina + Manteca de Karit\u00e9"},"content":{"rendered":"<p>Queratina + Manteca de Karit\u00e9<\/p>\n<p>A Queratina \u00e9 composta por 19 amino\u00e1cidos que formam 90% dos fios. Promove for\u00e7a, elasticidade e resist\u00eancia \u00e0 fibra. A Manteiga de Karit\u00e9 cont\u00e9m vitaminas A, D, E e F que S\u00e3o antioxidantes para ajudar a remover c\u00e9lulas mortas. A combina\u00e7\u00e3o promove brilho, suavidade, prote\u00e7\u00e3o t\u00e9rmica e reconstru\u00e7\u00e3o imediata.<\/p>\n<p>Cond+Mask<\/p>\n<p>Regenera, nutre, fortalece y recupera el cabello qu\u00edmicamente tratado, proporcionando fuerza y flexibilidad.<\/p>\n<p>Shampoo<\/p>\n<p>Limpia, regenera, nutre, fortalece y recupera el cabello qu\u00edmicamente tratado, proporcionando fuerza y flexibilidad.<\/p>\n<p>LEAVE-IN<\/p>\n<p>Regenera, nutre, fortalece y recupera el cabello qu\u00edmicamente tratado, proporcionando fuerza y flexibilidad.<\/p>\n<p>Mascarilla<\/p>\n<p>Regenera, nutre, fortalece y recupera el cabello qu\u00edmicamente tratado, proporcionando fuerza y flexibilidad.<\/p>","protected":false},"menu_order":0,"template":"","tags_produto":[32,30,27,31,28],"linha_proouhome":[12],"categoria_produtos":[11],"class_list":["post-827","produtos","type-produtos","status-publish","hentry","tags_produto-antioxidante","tags_produto-cabelos-com-quimica","tags_produto-cabelos-ressecados","tags_produto-fortalecimento","tags_produto-nutricao","linha_proouhome-home-care","categoria_produtos-elements"],"yoast_head":"<!-- This site is optimized with the Yoast SEO Premium plugin v24.2 (Yoast SEO v24.2) - https:\/\/yoast.com\/wordpress\/plugins\/seo\/ -->\n<title>QUERATINA + MANTEIGA DE KARIT\u00ca - Mirra Professional<\/title>\n<meta name=\"description\" content=\"A Queratina \u00e9 composta por 19 amino\u00e1cidos que formam 90% dos fios. Promove for\u00e7a, elasticidade e resist\u00eancia \u00e0 fibra. A Manteiga de Karit\u00e9 cont\u00e9m vitaminas A, D, E e F que S\u00e3o antioxidantes para ajudar a remover c\u00e9lulas mortas. A combina\u00e7\u00e3o promove brilho, suavidade, prote\u00e7\u00e3o t\u00e9rmica e reconstru\u00e7\u00e3o imediata.\" \/>\n<meta name=\"robots\" content=\"index, follow, max-snippet:-1, max-image-preview:large, max-video-preview:-1\" \/>\n<link rel=\"canonical\" href=\"https:\/\/mirracosmeticos.com\/es\/produtos\/queratina-manteiga-de-karite-home\/\" \/>\n<meta property=\"og:locale\" content=\"es_ES\" \/>\n<meta property=\"og:type\" content=\"article\" \/>\n<meta property=\"og:title\" content=\"QUERATINA + MANTEIGA DE KARIT\u00ca\" \/>\n<meta property=\"og:description\" content=\"A Queratina \u00e9 composta por 19 amino\u00e1cidos que formam 90% dos fios. Promove for\u00e7a, elasticidade e resist\u00eancia \u00e0 fibra. A Manteiga de Karit\u00e9 cont\u00e9m vitaminas A, D, E e F que S\u00e3o antioxidantes para ajudar a remover c\u00e9lulas mortas. A combina\u00e7\u00e3o promove brilho, suavidade, prote\u00e7\u00e3o t\u00e9rmica e reconstru\u00e7\u00e3o imediata.\" \/>\n<meta property=\"og:url\" content=\"https:\/\/mirracosmeticos.com\/es\/produtos\/queratina-manteiga-de-karite-home\/\" \/>\n<meta property=\"og:site_name\" content=\"Mirra Professional\" \/>\n<meta property=\"article:modified_time\" content=\"2025-03-16T02:16:16+00:00\" \/>\n<meta name=\"twitter:card\" content=\"summary_large_image\" \/>\n<meta name=\"twitter:label1\" content=\"Tiempo de lectura\" \/>\n\t<meta name=\"twitter:data1\" content=\"1 minuto\" \/>\n<script type=\"application\/ld+json\" class=\"yoast-schema-graph\">{\"@context\":\"https:\/\/schema.org\",\"@graph\":[{\"@type\":\"WebPage\",\"@id\":\"https:\/\/mirracosmeticos.com\/produtos\/queratina-manteiga-de-karite-home\/\",\"url\":\"https:\/\/mirracosmeticos.com\/produtos\/queratina-manteiga-de-karite-home\/\",\"name\":\"QUERATINA + MANTEIGA DE KARIT\u00ca - Mirra Professional\",\"isPartOf\":{\"@id\":\"https:\/\/mirracosmeticos.com\/#website\"},\"datePublished\":\"2025-02-16T21:03:35+00:00\",\"dateModified\":\"2025-03-16T02:16:16+00:00\",\"description\":\"A Queratina \u00e9 composta por 19 amino\u00e1cidos que formam 90% dos fios. Promove for\u00e7a, elasticidade e resist\u00eancia \u00e0 fibra. A Manteiga de Karit\u00e9 cont\u00e9m vitaminas A, D, E e F que S\u00e3o antioxidantes para ajudar a remover c\u00e9lulas mortas. A combina\u00e7\u00e3o promove brilho, suavidade, prote\u00e7\u00e3o t\u00e9rmica e reconstru\u00e7\u00e3o imediata.\",\"breadcrumb\":{\"@id\":\"https:\/\/mirracosmeticos.com\/produtos\/queratina-manteiga-de-karite-home\/#breadcrumb\"},\"inLanguage\":\"es\",\"potentialAction\":[{\"@type\":\"ReadAction\",\"target\":[\"https:\/\/mirracosmeticos.com\/produtos\/queratina-manteiga-de-karite-home\/\"]}]},{\"@type\":\"BreadcrumbList\",\"@id\":\"https:\/\/mirracosmeticos.com\/produtos\/queratina-manteiga-de-karite-home\/#breadcrumb\",\"itemListElement\":[{\"@type\":\"ListItem\",\"position\":1,\"name\":\"In\u00edcio\",\"item\":\"https:\/\/mirracosmeticos.com\/\"},{\"@type\":\"ListItem\",\"position\":2,\"name\":\"Produtos\",\"item\":\"https:\/\/mirracosmeticos.com\/produtos\/\"},{\"@type\":\"ListItem\",\"position\":3,\"name\":\"QUERATINA + MANTEIGA DE KARIT\u00ca\"}]},{\"@type\":\"WebSite\",\"@id\":\"https:\/\/mirracosmeticos.com\/#website\",\"url\":\"https:\/\/mirracosmeticos.com\/\",\"name\":\"Mirra Professional\",\"description\":\"\",\"potentialAction\":[{\"@type\":\"SearchAction\",\"target\":{\"@type\":\"EntryPoint\",\"urlTemplate\":\"https:\/\/mirracosmeticos.com\/?s={search_term_string}\"},\"query-input\":{\"@type\":\"PropertyValueSpecification\",\"valueRequired\":true,\"valueName\":\"search_term_string\"}}],\"inLanguage\":\"es\"}]}<\/script>\n<!-- \/ Yoast SEO Premium plugin. -->","yoast_head_json":{"title":"QUERATINA + MANTEIGA DE KARIT\u00ca - Mirra Professional","description":"A Queratina \u00e9 composta por 19 amino\u00e1cidos que formam 90% dos fios. Promove for\u00e7a, elasticidade e resist\u00eancia \u00e0 fibra. A Manteiga de Karit\u00e9 cont\u00e9m vitaminas A, D, E e F que S\u00e3o antioxidantes para ajudar a remover c\u00e9lulas mortas. A combina\u00e7\u00e3o promove brilho, suavidade, prote\u00e7\u00e3o t\u00e9rmica e reconstru\u00e7\u00e3o imediata.","robots":{"index":"index","follow":"follow","max-snippet":"max-snippet:-1","max-image-preview":"max-image-preview:large","max-video-preview":"max-video-preview:-1"},"canonical":"https:\/\/mirracosmeticos.com\/es\/produtos\/queratina-manteiga-de-karite-home\/","og_locale":"es_ES","og_type":"article","og_title":"QUERATINA + MANTEIGA DE KARIT\u00ca","og_description":"A Queratina \u00e9 composta por 19 amino\u00e1cidos que formam 90% dos fios. Promove for\u00e7a, elasticidade e resist\u00eancia \u00e0 fibra. A Manteiga de Karit\u00e9 cont\u00e9m vitaminas A, D, E e F que S\u00e3o antioxidantes para ajudar a remover c\u00e9lulas mortas. A combina\u00e7\u00e3o promove brilho, suavidade, prote\u00e7\u00e3o t\u00e9rmica e reconstru\u00e7\u00e3o imediata.","og_url":"https:\/\/mirracosmeticos.com\/es\/produtos\/queratina-manteiga-de-karite-home\/","og_site_name":"Mirra Professional","article_modified_time":"2025-03-16T02:16:16+00:00","twitter_card":"summary_large_image","twitter_misc":{"Tiempo de lectura":"1 minuto"},"schema":{"@context":"https:\/\/schema.org","@graph":[{"@type":"WebPage","@id":"https:\/\/mirracosmeticos.com\/produtos\/queratina-manteiga-de-karite-home\/","url":"https:\/\/mirracosmeticos.com\/produtos\/queratina-manteiga-de-karite-home\/","name":"QUERATINA + MANTEIGA DE KARIT\u00ca - Mirra Professional","isPartOf":{"@id":"https:\/\/mirracosmeticos.com\/#website"},"datePublished":"2025-02-16T21:03:35+00:00","dateModified":"2025-03-16T02:16:16+00:00","description":"A Queratina \u00e9 composta por 19 amino\u00e1cidos que formam 90% dos fios. Promove for\u00e7a, elasticidade e resist\u00eancia \u00e0 fibra. A Manteiga de Karit\u00e9 cont\u00e9m vitaminas A, D, E e F que S\u00e3o antioxidantes para ajudar a remover c\u00e9lulas mortas. A combina\u00e7\u00e3o promove brilho, suavidade, prote\u00e7\u00e3o t\u00e9rmica e reconstru\u00e7\u00e3o imediata.","breadcrumb":{"@id":"https:\/\/mirracosmeticos.com\/produtos\/queratina-manteiga-de-karite-home\/#breadcrumb"},"inLanguage":"es","potentialAction":[{"@type":"ReadAction","target":["https:\/\/mirracosmeticos.com\/produtos\/queratina-manteiga-de-karite-home\/"]}]},{"@type":"BreadcrumbList","@id":"https:\/\/mirracosmeticos.com\/produtos\/queratina-manteiga-de-karite-home\/#breadcrumb","itemListElement":[{"@type":"ListItem","position":1,"name":"In\u00edcio","item":"https:\/\/mirracosmeticos.com\/"},{"@type":"ListItem","position":2,"name":"Produtos","item":"https:\/\/mirracosmeticos.com\/produtos\/"},{"@type":"ListItem","position":3,"name":"QUERATINA + MANTEIGA DE KARIT\u00ca"}]},{"@type":"WebSite","@id":"https:\/\/mirracosmeticos.com\/#website","url":"https:\/\/mirracosmeticos.com\/","name":"Mirra Professional","description":"","potentialAction":[{"@type":"SearchAction","target":{"@type":"EntryPoint","urlTemplate":"https:\/\/mirracosmeticos.com\/?s={search_term_string}"},"query-input":{"@type":"PropertyValueSpecification","valueRequired":true,"valueName":"search_term_string"}}],"inLanguage":"es"}]}},"_links":{"self":[{"href":"https:\/\/mirracosmeticos.com\/es\/wp-json\/wp\/v2\/produtos\/827","targetHints":{"allow":["GET"]}}],"collection":[{"href":"https:\/\/mirracosmeticos.com\/es\/wp-json\/wp\/v2\/produtos"}],"about":[{"href":"https:\/\/mirracosmeticos.com\/es\/wp-json\/wp\/v2\/types\/produtos"}],"wp:attachment":[{"href":"https:\/\/mirracosmeticos.com\/es\/wp-json\/wp\/v2\/media?parent=827"}],"wp:term":[{"taxonomy":"tags_produto","embeddable":true,"href":"https:\/\/mirracosmeticos.com\/es\/wp-json\/wp\/v2\/tags_produto?post=827"},{"taxonomy":"linha_proouhome","embeddable":true,"href":"https:\/\/mirracosmeticos.com\/es\/wp-json\/wp\/v2\/linha_proouhome?post=827"},{"taxonomy":"categoria_produtos","embeddable":true,"href":"https:\/\/mirracosmeticos.com\/es\/wp-json\/wp\/v2\/categoria_produtos?post=827"}],"curies":[{"name":"wp","href":"https:\/\/api.w.org\/{rel}","templated":true}]}}

Queratina + Manteca de Karité

<p>Queratina + Manteca de Karité</p>
<p>A Queratina é composta por 19 aminoácidos que formam 90% dos fios. Promove força, elasticidade e resistência à fibra. A Manteiga de Karité contém vitaminas A, D, E e F que São antioxidantes para ajudar a remover células mortas. A combinação promove brilho, suavidade, proteção térmica e reconstrução imediata.</p>
<p>Cond+Mask</p>
<p>Regenera, nutre, fortalece y recupera el cabello químicamente tratado, proporcionando fuerza y flexibilidad.</p>
<p>Shampoo</p>
<p>Limpia, regenera, nutre, fortalece y recupera el cabello químicamente tratado, proporcionando fuerza y flexibilidad.</p>
<p>LEAVE-IN</p>
<p>Regenera, nutre, fortalece y recupera el cabello químicamente tratado, proporcionando fuerza y flexibilidad.</p>
<p>Mascarilla</p>
<p>Regenera, nutre, fortalece y recupera el cabello químicamente tratado, proporcionando fuerza y flexibilidad.</p>

<!-- This site is optimized with the Yoast SEO Premium plugin v24.2 (Yoast SEO v24.2) - https://yoast.com/wordpress/plugins/seo/ -->
<title>QUERATINA + MANTEIGA DE KARITÊ - Mirra Professional</title>
<meta name="description" content="A Queratina é composta por 19 aminoácidos que formam 90% dos fios. Promove força, elasticidade e resistência à fibra. A Manteiga de Karité contém vitaminas A, D, E e F que São antioxidantes para ajudar a remover células mortas. A combinação promove brilho, suavidade, proteção térmica e reconstrução imediata." />
<meta name="robots" content="index, follow, max-snippet:-1, max-image-preview:large, max-video-preview:-1" />
<link rel="canonical" href="https://mirracosmeticos.com/es/produtos/queratina-manteiga-de-karite-home/" />
<meta property="og:locale" content="es_ES" />
<meta property="og:type" content="article" />
<meta property="og:title" content="QUERATINA + MANTEIGA DE KARITÊ" />
<meta property="og:description" content="A Queratina é composta por 19 aminoácidos que formam 90% dos fios. Promove força, elasticidade e resistência à fibra. A Manteiga de Karité contém vitaminas A, D, E e F que São antioxidantes para ajudar a remover células mortas. A combinação promove brilho, suavidade, proteção térmica e reconstrução imediata." />
<meta property="og:url" content="https://mirracosmeticos.com/es/produtos/queratina-manteiga-de-karite-home/" />
<meta property="og:site_name" content="Mirra Professional" />
<meta property="article:modified_time" content="2025-03-16T02:16:16+00:00" />
<meta name="twitter:card" content="summary_large_image" />
<meta name="twitter:label1" content="Tiempo de lectura" />
	<meta name="twitter:data1" content="1 minuto" />
<script type="application/ld+json" class="yoast-schema-graph">{"@context":"https://schema.org","@graph":[{"@type":"WebPage","@id":"https://mirracosmeticos.com/produtos/queratina-manteiga-de-karite-home/","url":"https://mirracosmeticos.com/produtos/queratina-manteiga-de-karite-home/","name":"QUERATINA + MANTEIGA DE KARITÊ - Mirra Professional","isPartOf":{"@id":"https://mirracosmeticos.com/#website"},"datePublished":"2025-02-16T21:03:35+00:00","dateModified":"2025-03-16T02:16:16+00:00","description":"A Queratina é composta por 19 aminoácidos que formam 90% dos fios. Promove força, elasticidade e resistência à fibra. A Manteiga de Karité contém vitaminas A, D, E e F que São antioxidantes para ajudar a remover células mortas. A combinação promove brilho, suavidade, proteção térmica e reconstrução imediata.","breadcrumb":{"@id":"https://mirracosmeticos.com/produtos/queratina-manteiga-de-karite-home/#breadcrumb"},"inLanguage":"es","potentialAction":[{"@type":"ReadAction","target":["https://mirracosmeticos.com/produtos/queratina-manteiga-de-karite-home/"]}]},{"@type":"BreadcrumbList","@id":"https://mirracosmeticos.com/produtos/queratina-manteiga-de-karite-home/#breadcrumb","itemListElement":[{"@type":"ListItem","position":1,"name":"Início","item":"https://mirracosmeticos.com/"},{"@type":"ListItem","position":2,"name":"Produtos","item":"https://mirracosmeticos.com/produtos/"},{"@type":"ListItem","position":3,"name":"QUERATINA + MANTEIGA DE KARITÊ"}]},{"@type":"WebSite","@id":"https://mirracosmeticos.com/#website","url":"https://mirracosmeticos.com/","name":"Mirra Professional","description":"","potentialAction":[{"@type":"SearchAction","target":{"@type":"EntryPoint","urlTemplate":"https://mirracosmeticos.com/?s={search_term_string}"},"query-input":{"@type":"PropertyValueSpecification","valueRequired":true,"valueName":"search_term_string"}}],"inLanguage":"es"}]}</script>
<!-- / Yoast SEO Premium plugin. -->

QUERATINA + MANTEIGA DE KARITÊ - Mirra Professional

A Queratina é composta por 19 aminoácidos que formam 90% dos fios. Promove força, elasticidade e resistência à fibra. A Manteiga de Karité contém vitaminas A, D, E e F que São antioxidantes para ajudar a remover células mortas. A combinação promove brilho, suavidade, proteção térmica e reconstrução imediata.

QUERATINA + MANTEIGA DE KARITÊ

Início
