{"id":996,"date":"2025-02-23T22:40:31","date_gmt":"2025-02-23T22:40:31","guid":{"rendered":"https:\/\/mirracosmeticos.com\/?post_type=produtos&#038;p=996"},"modified":"2025-03-19T23:26:03","modified_gmt":"2025-03-19T23:26:03","slug":"potencializadores","status":"publish","type":"produtos","link":"https:\/\/mirracosmeticos.com\/es\/produtos\/potencializadores\/","title":{"rendered":"Potenciadores"},"content":{"rendered":"<p><strong>Potenciadores<\/strong><\/p>\n<p>POTENCIALIZADORES super concentrados com NANOPART\u00cdCULAS que polimerizam em contato com os fios, promovendo uma mega NUTRI\u00c7\u00c3O e RECUPERA\u00c7\u00c3O instant\u00e2nea. Podem ser usados puros ou associados em nossas m\u00e1scaras capilares!<\/p>\n<p>Ceramidas<\/p>\n<p>Tratamiento instant\u00e1neo para cabellos fr\u00e1giles y quebradizos que forma una pel\u00edcula protectora, evitando el resecamiento y proporcionando fuerza, flexibilidad, brillo y suavidad, adem\u00e1s de nutrir y reparar la cut\u00edcula da\u00f1ada.<\/p>\n<p>Pro-Vitamina B5<\/p>\n<p>Tratamiento instant\u00e1neo para cabellos qu\u00edmicamente tratados que utiliza nanotecnolog\u00eda para sellar las cut\u00edculas, reponer la masa proteica y promover la nanorregeneraci\u00f3n de los cabellos da\u00f1ados, recuperando la masa perdida en tratamientos qu\u00edmicos y mec\u00e1nicos, con acci\u00f3n ultracondicionante que realza el brillo y la suavidad.<\/p>\n<p>QUERATINA<\/p>\n<p>Reestructura la fibra capilar, devolviendo brillo y suavidad al cabello mediante un complejo nanotecnol\u00f3gico de activos reconstructores que fortalece los cabellos, rellena las fallas del cemento intercelular y de las fibras del c\u00f3rtex, aumenta la flexibilidad con un efecto restaurador que otorga brillo y sedosidad, y adem\u00e1s reduce la agresividad de los agentes qu\u00edmicos en los procesos de coloraci\u00f3n, decoloraci\u00f3n y alisado.<\/p>","protected":false},"menu_order":0,"template":"","tags_produto":[30,28,48,53,29],"linha_proouhome":[13],"categoria_produtos":[18],"class_list":["post-996","produtos","type-produtos","status-publish","hentry","tags_produto-cabelos-com-quimica","tags_produto-nutricao","tags_produto-promove-brilho","tags_produto-reconstrucao","tags_produto-reparacao","linha_proouhome-professional","categoria_produtos-nutricao"],"yoast_head":"<!-- This site is optimized with the Yoast SEO Premium plugin v24.2 (Yoast SEO v24.2) - https:\/\/yoast.com\/wordpress\/plugins\/seo\/ -->\n<title>POTENCIALIZADORES - Mirra Professional<\/title>\n<meta name=\"description\" content=\"Tratamento instant\u00e2neo para cabelos fr\u00e1geis e quebradi\u00e7os que forma um filme protetor, evitando o ressecamento e proporcionando for\u00e7a, flexibilidade, brilho e maciez, al\u00e9m de nutrir e reparar a cut\u00edcula danificada.\" \/>\n<meta name=\"robots\" content=\"index, follow, max-snippet:-1, max-image-preview:large, max-video-preview:-1\" \/>\n<link rel=\"canonical\" href=\"https:\/\/mirracosmeticos.com\/es\/produtos\/potencializadores\/\" \/>\n<meta property=\"og:locale\" content=\"es_ES\" \/>\n<meta property=\"og:type\" content=\"article\" \/>\n<meta property=\"og:title\" content=\"POTENCIALIZADORES\" \/>\n<meta property=\"og:description\" content=\"Tratamento instant\u00e2neo para cabelos fr\u00e1geis e quebradi\u00e7os que forma um filme protetor, evitando o ressecamento e proporcionando for\u00e7a, flexibilidade, brilho e maciez, al\u00e9m de nutrir e reparar a cut\u00edcula danificada.\" \/>\n<meta property=\"og:url\" content=\"https:\/\/mirracosmeticos.com\/es\/produtos\/potencializadores\/\" \/>\n<meta property=\"og:site_name\" content=\"Mirra Professional\" \/>\n<meta property=\"article:modified_time\" content=\"2025-03-19T23:26:03+00:00\" \/>\n<meta name=\"twitter:card\" content=\"summary_large_image\" \/>\n<meta name=\"twitter:label1\" content=\"Tiempo de lectura\" \/>\n\t<meta name=\"twitter:data1\" content=\"1 minuto\" \/>\n<script type=\"application\/ld+json\" class=\"yoast-schema-graph\">{\"@context\":\"https:\/\/schema.org\",\"@graph\":[{\"@type\":\"WebPage\",\"@id\":\"https:\/\/mirracosmeticos.com\/produtos\/potencializadores\/\",\"url\":\"https:\/\/mirracosmeticos.com\/produtos\/potencializadores\/\",\"name\":\"POTENCIALIZADORES - Mirra Professional\",\"isPartOf\":{\"@id\":\"https:\/\/mirracosmeticos.com\/#website\"},\"datePublished\":\"2025-02-23T22:40:31+00:00\",\"dateModified\":\"2025-03-19T23:26:03+00:00\",\"description\":\"Tratamento instant\u00e2neo para cabelos fr\u00e1geis e quebradi\u00e7os que forma um filme protetor, evitando o ressecamento e proporcionando for\u00e7a, flexibilidade, brilho e maciez, al\u00e9m de nutrir e reparar a cut\u00edcula danificada.\",\"breadcrumb\":{\"@id\":\"https:\/\/mirracosmeticos.com\/produtos\/potencializadores\/#breadcrumb\"},\"inLanguage\":\"es\",\"potentialAction\":[{\"@type\":\"ReadAction\",\"target\":[\"https:\/\/mirracosmeticos.com\/produtos\/potencializadores\/\"]}]},{\"@type\":\"BreadcrumbList\",\"@id\":\"https:\/\/mirracosmeticos.com\/produtos\/potencializadores\/#breadcrumb\",\"itemListElement\":[{\"@type\":\"ListItem\",\"position\":1,\"name\":\"In\u00edcio\",\"item\":\"https:\/\/mirracosmeticos.com\/\"},{\"@type\":\"ListItem\",\"position\":2,\"name\":\"Produtos\",\"item\":\"https:\/\/mirracosmeticos.com\/produtos\/\"},{\"@type\":\"ListItem\",\"position\":3,\"name\":\"POTENCIALIZADORES\"}]},{\"@type\":\"WebSite\",\"@id\":\"https:\/\/mirracosmeticos.com\/#website\",\"url\":\"https:\/\/mirracosmeticos.com\/\",\"name\":\"Mirra Professional\",\"description\":\"\",\"potentialAction\":[{\"@type\":\"SearchAction\",\"target\":{\"@type\":\"EntryPoint\",\"urlTemplate\":\"https:\/\/mirracosmeticos.com\/?s={search_term_string}\"},\"query-input\":{\"@type\":\"PropertyValueSpecification\",\"valueRequired\":true,\"valueName\":\"search_term_string\"}}],\"inLanguage\":\"es\"}]}<\/script>\n<!-- \/ Yoast SEO Premium plugin. -->","yoast_head_json":{"title":"POTENCIALIZADORES - Mirra Professional","description":"Tratamiento instant\u00e1neo para cabellos fr\u00e1giles y quebradizos que forma una pel\u00edcula protectora, evitando el resecamiento y proporcionando fuerza, flexibilidad, brillo y suavidad, adem\u00e1s de nutrir y reparar la cut\u00edcula da\u00f1ada.","robots":{"index":"index","follow":"follow","max-snippet":"max-snippet:-1","max-image-preview":"max-image-preview:large","max-video-preview":"max-video-preview:-1"},"canonical":"https:\/\/mirracosmeticos.com\/es\/produtos\/potencializadores\/","og_locale":"es_ES","og_type":"article","og_title":"POTENCIALIZADORES","og_description":"Tratamento instant\u00e2neo para cabelos fr\u00e1geis e quebradi\u00e7os que forma um filme protetor, evitando o ressecamento e proporcionando for\u00e7a, flexibilidade, brilho e maciez, al\u00e9m de nutrir e reparar a cut\u00edcula danificada.","og_url":"https:\/\/mirracosmeticos.com\/es\/produtos\/potencializadores\/","og_site_name":"Mirra Professional","article_modified_time":"2025-03-19T23:26:03+00:00","twitter_card":"summary_large_image","twitter_misc":{"Tiempo de lectura":"1 minuto"},"schema":{"@context":"https:\/\/schema.org","@graph":[{"@type":"WebPage","@id":"https:\/\/mirracosmeticos.com\/produtos\/potencializadores\/","url":"https:\/\/mirracosmeticos.com\/produtos\/potencializadores\/","name":"POTENCIALIZADORES - Mirra Professional","isPartOf":{"@id":"https:\/\/mirracosmeticos.com\/#website"},"datePublished":"2025-02-23T22:40:31+00:00","dateModified":"2025-03-19T23:26:03+00:00","description":"Tratamiento instant\u00e1neo para cabellos fr\u00e1giles y quebradizos que forma una pel\u00edcula protectora, evitando el resecamiento y proporcionando fuerza, flexibilidad, brillo y suavidad, adem\u00e1s de nutrir y reparar la cut\u00edcula da\u00f1ada.","breadcrumb":{"@id":"https:\/\/mirracosmeticos.com\/produtos\/potencializadores\/#breadcrumb"},"inLanguage":"es","potentialAction":[{"@type":"ReadAction","target":["https:\/\/mirracosmeticos.com\/produtos\/potencializadores\/"]}]},{"@type":"BreadcrumbList","@id":"https:\/\/mirracosmeticos.com\/produtos\/potencializadores\/#breadcrumb","itemListElement":[{"@type":"ListItem","position":1,"name":"In\u00edcio","item":"https:\/\/mirracosmeticos.com\/"},{"@type":"ListItem","position":2,"name":"Produtos","item":"https:\/\/mirracosmeticos.com\/produtos\/"},{"@type":"ListItem","position":3,"name":"POTENCIALIZADORES"}]},{"@type":"WebSite","@id":"https:\/\/mirracosmeticos.com\/#website","url":"https:\/\/mirracosmeticos.com\/","name":"Mirra Professional","description":"","potentialAction":[{"@type":"SearchAction","target":{"@type":"EntryPoint","urlTemplate":"https:\/\/mirracosmeticos.com\/?s={search_term_string}"},"query-input":{"@type":"PropertyValueSpecification","valueRequired":true,"valueName":"search_term_string"}}],"inLanguage":"es"}]}},"_links":{"self":[{"href":"https:\/\/mirracosmeticos.com\/es\/wp-json\/wp\/v2\/produtos\/996","targetHints":{"allow":["GET"]}}],"collection":[{"href":"https:\/\/mirracosmeticos.com\/es\/wp-json\/wp\/v2\/produtos"}],"about":[{"href":"https:\/\/mirracosmeticos.com\/es\/wp-json\/wp\/v2\/types\/produtos"}],"wp:attachment":[{"href":"https:\/\/mirracosmeticos.com\/es\/wp-json\/wp\/v2\/media?parent=996"}],"wp:term":[{"taxonomy":"tags_produto","embeddable":true,"href":"https:\/\/mirracosmeticos.com\/es\/wp-json\/wp\/v2\/tags_produto?post=996"},{"taxonomy":"linha_proouhome","embeddable":true,"href":"https:\/\/mirracosmeticos.com\/es\/wp-json\/wp\/v2\/linha_proouhome?post=996"},{"taxonomy":"categoria_produtos","embeddable":true,"href":"https:\/\/mirracosmeticos.com\/es\/wp-json\/wp\/v2\/categoria_produtos?post=996"}],"curies":[{"name":"wp","href":"https:\/\/api.w.org\/{rel}","templated":true}]}}

<p><strong>Potenciadores</strong></p>
<p>POTENCIALIZADORES super concentrados com NANOPARTÍCULAS que polimerizam em contato com os fios, promovendo uma mega NUTRIÇÃO e RECUPERAÇÃO instantânea. Podem ser usados puros ou associados em nossas máscaras capilares!</p>
<p>Ceramidas</p>
<p>Tratamiento instantáneo para cabellos frágiles y quebradizos que forma una película protectora, evitando el resecamiento y proporcionando fuerza, flexibilidad, brillo y suavidad, además de nutrir y reparar la cutícula dañada.</p>
<p>Pro-Vitamina B5</p>
<p>Tratamiento instantáneo para cabellos químicamente tratados que utiliza nanotecnología para sellar las cutículas, reponer la masa proteica y promover la nanorregeneración de los cabellos dañados, recuperando la masa perdida en tratamientos químicos y mecánicos, con acción ultracondicionante que realza el brillo y la suavidad.</p>
<p>QUERATINA</p>
<p>Reestructura la fibra capilar, devolviendo brillo y suavidad al cabello mediante un complejo nanotecnológico de activos reconstructores que fortalece los cabellos, rellena las fallas del cemento intercelular y de las fibras del córtex, aumenta la flexibilidad con un efecto restaurador que otorga brillo y sedosidad, y además reduce la agresividad de los agentes químicos en los procesos de coloración, decoloración y alisado.</p>

<!-- This site is optimized with the Yoast SEO Premium plugin v24.2 (Yoast SEO v24.2) - https://yoast.com/wordpress/plugins/seo/ -->
<title>POTENCIALIZADORES - Mirra Professional</title>
<meta name="description" content="Tratamento instantâneo para cabelos frágeis e quebradiços que forma um filme protetor, evitando o ressecamento e proporcionando força, flexibilidade, brilho e maciez, além de nutrir e reparar a cutícula danificada." />
<meta name="robots" content="index, follow, max-snippet:-1, max-image-preview:large, max-video-preview:-1" />
<link rel="canonical" href="https://mirracosmeticos.com/es/produtos/potencializadores/" />
<meta property="og:locale" content="es_ES" />
<meta property="og:type" content="article" />
<meta property="og:title" content="POTENCIALIZADORES" />
<meta property="og:description" content="Tratamento instantâneo para cabelos frágeis e quebradiços que forma um filme protetor, evitando o ressecamento e proporcionando força, flexibilidade, brilho e maciez, além de nutrir e reparar a cutícula danificada." />
<meta property="og:url" content="https://mirracosmeticos.com/es/produtos/potencializadores/" />
<meta property="og:site_name" content="Mirra Professional" />
<meta property="article:modified_time" content="2025-03-19T23:26:03+00:00" />
<meta name="twitter:card" content="summary_large_image" />
<meta name="twitter:label1" content="Tiempo de lectura" />
	<meta name="twitter:data1" content="1 minuto" />
<script type="application/ld+json" class="yoast-schema-graph">{"@context":"https://schema.org","@graph":[{"@type":"WebPage","@id":"https://mirracosmeticos.com/produtos/potencializadores/","url":"https://mirracosmeticos.com/produtos/potencializadores/","name":"POTENCIALIZADORES - Mirra Professional","isPartOf":{"@id":"https://mirracosmeticos.com/#website"},"datePublished":"2025-02-23T22:40:31+00:00","dateModified":"2025-03-19T23:26:03+00:00","description":"Tratamento instantâneo para cabelos frágeis e quebradiços que forma um filme protetor, evitando o ressecamento e proporcionando força, flexibilidade, brilho e maciez, além de nutrir e reparar a cutícula danificada.","breadcrumb":{"@id":"https://mirracosmeticos.com/produtos/potencializadores/#breadcrumb"},"inLanguage":"es","potentialAction":[{"@type":"ReadAction","target":["https://mirracosmeticos.com/produtos/potencializadores/"]}]},{"@type":"BreadcrumbList","@id":"https://mirracosmeticos.com/produtos/potencializadores/#breadcrumb","itemListElement":[{"@type":"ListItem","position":1,"name":"Início","item":"https://mirracosmeticos.com/"},{"@type":"ListItem","position":2,"name":"Produtos","item":"https://mirracosmeticos.com/produtos/"},{"@type":"ListItem","position":3,"name":"POTENCIALIZADORES"}]},{"@type":"WebSite","@id":"https://mirracosmeticos.com/#website","url":"https://mirracosmeticos.com/","name":"Mirra Professional","description":"","potentialAction":[{"@type":"SearchAction","target":{"@type":"EntryPoint","urlTemplate":"https://mirracosmeticos.com/?s={search_term_string}"},"query-input":{"@type":"PropertyValueSpecification","valueRequired":true,"valueName":"search_term_string"}}],"inLanguage":"es"}]}</script>
<!-- / Yoast SEO Premium plugin. -->

Tratamiento instantáneo para cabellos frágiles y quebradizos que forma una película protectora, evitando el resecamiento y proporcionando fuerza, flexibilidad, brillo y suavidad, además de nutrir y reparar la cutícula dañada.

Tratamento instantâneo para cabelos frágeis e quebradiços que forma um filme protetor, evitando o ressecamento e proporcionando força, flexibilidade, brilho e maciez, além de nutrir e reparar a cutícula danificada.

Início
